{"version":"1.0","provider_name":"GYS NOTICIAS |","provider_url":"https:\/\/gysfm.com.ar\/inicio","author_name":"admin","author_url":"https:\/\/gysfm.com.ar\/inicio\/author\/admin\/","title":"nuevo calendario de pagos y escala de cuotas - GYS NOTICIAS |","type":"rich","width":600,"height":338,"html":"<blockquote class=\"wp-embedded-content\" data-secret=\"4MOQU2RgIv\"><a href=\"https:\/\/gysfm.com.ar\/inicio\/nuevo-calendario-de-pagos-y-escala-de-cuotas\/\">nuevo calendario de pagos y escala de cuotas<\/a><\/blockquote><iframe sandbox=\"allow-scripts\" security=\"restricted\" src=\"https:\/\/gysfm.com.ar\/inicio\/nuevo-calendario-de-pagos-y-escala-de-cuotas\/embed\/#?secret=4MOQU2RgIv\" width=\"600\" height=\"338\" title=\"\u00abnuevo calendario de pagos y escala de cuotas\u00bb \u2014 GYS NOTICIAS |\" data-secret=\"4MOQU2RgIv\" frameborder=\"0\" marginwidth=\"0\" marginheight=\"0\" scrolling=\"no\" class=\"wp-embedded-content\"><\/iframe><script>\n\/*! This file is auto-generated *\/\n!function(d,l){\"use strict\";l.querySelector&&d.addEventListener&&\"undefined\"!=typeof URL&&(d.wp=d.wp||{},d.wp.receiveEmbedMessage||(d.wp.receiveEmbedMessage=function(e){var t=e.data;if((t||t.secret||t.message||t.value)&&!\/[^a-zA-Z0-9]\/.test(t.secret)){for(var s,r,n,a=l.querySelectorAll('iframe[data-secret=\"'+t.secret+'\"]'),o=l.querySelectorAll('blockquote[data-secret=\"'+t.secret+'\"]'),c=new RegExp(\"^https?:$\",\"i\"),i=0;i<o.length;i++)o[i].style.display=\"none\";for(i=0;i<a.length;i++)s=a[i],e.source===s.contentWindow&&(s.removeAttribute(\"style\"),\"height\"===t.message?(1e3<(r=parseInt(t.value,10))?r=1e3:~~r<200&&(r=200),s.height=r):\"link\"===t.message&&(r=new URL(s.getAttribute(\"src\")),n=new URL(t.value),c.test(n.protocol))&&n.host===r.host&&l.activeElement===s&&(d.top.location.href=t.value))}},d.addEventListener(\"message\",d.wp.receiveEmbedMessage,!1),l.addEventListener(\"DOMContentLoaded\",function(){for(var e,t,s=l.querySelectorAll(\"iframe.wp-embedded-content\"),r=0;r<s.length;r++)(t=(e=s[r]).getAttribute(\"data-secret\"))||(t=Math.random().toString(36).substring(2,12),e.src+=\"#?secret=\"+t,e.setAttribute(\"data-secret\",t)),e.contentWindow.postMessage({message:\"ready\",secret:t},\"*\")},!1)))}(window,document);\n\/\/# sourceURL=https:\/\/gysfm.com.ar\/inicio\/wp-includes\/js\/wp-embed.min.js\n<\/script>\n","thumbnail_url":"https:\/\/media.ambito.com\/p\/536a311ecb9d0f4d71f61b5bdecc95e5\/adjuntos\/239\/imagenes\/043\/595\/0043595462\/730x0\/736x595:756x615\/impuestos.jpg","thumbnail_width":600,"thumbnail_height":338,"description":"El Monotributo tendr\u00e1 durante septiembre un nuevo esquema de importes que alcanza a todas las categor\u00edas del r\u00e9gimen simplificado. Los valores que deben tener en cuenta los contribuyentes son los que rigen desde el 1\u00b0 de agosto de 2026, seg\u00fan la actualizaci\u00f3n publicada por la Agencia de Recaudaci\u00f3n y Control Aduanero (ARCA). A diferencia de [&hellip;]"}

El Monotributo tendrá durante septiembre un nuevo esquema de importes que alcanza a todas las categorías del régimen simplificado. Los valores que deben tener en cuenta los contribuyentes son los que rigen desde el 1° de agosto de 2026, según la actualización publicada por la Agencia de Recaudación y Control Aduanero (ARCA). A diferencia de [&hellip;]
