{"version":"1.0","provider_name":"GYS NOTICIAS |","provider_url":"https:\/\/gysfm.com.ar\/inicio","author_name":"admin","author_url":"https:\/\/gysfm.com.ar\/inicio\/author\/admin\/","title":"El origen primero de nuestro malestar econ\u00f3mico - GYS NOTICIAS |","type":"rich","width":600,"height":338,"html":"<blockquote class=\"wp-embedded-content\" data-secret=\"7rYpePTGam\"><a href=\"https:\/\/gysfm.com.ar\/inicio\/el-origen-primero-de-nuestro-malestar-economico\/\">El origen primero de nuestro malestar econ\u00f3mico<\/a><\/blockquote><iframe sandbox=\"allow-scripts\" security=\"restricted\" src=\"https:\/\/gysfm.com.ar\/inicio\/el-origen-primero-de-nuestro-malestar-economico\/embed\/#?secret=7rYpePTGam\" width=\"600\" height=\"338\" title=\"\u00abEl origen primero de nuestro malestar econ\u00f3mico\u00bb \u2014 GYS NOTICIAS |\" data-secret=\"7rYpePTGam\" frameborder=\"0\" marginwidth=\"0\" marginheight=\"0\" scrolling=\"no\" class=\"wp-embedded-content\"><\/iframe><script type=\"text\/javascript\">\n\/* <![CDATA[ *\/\n\/*! This file is auto-generated *\/\n!function(d,l){\"use strict\";l.querySelector&&d.addEventListener&&\"undefined\"!=typeof URL&&(d.wp=d.wp||{},d.wp.receiveEmbedMessage||(d.wp.receiveEmbedMessage=function(e){var t=e.data;if((t||t.secret||t.message||t.value)&&!\/[^a-zA-Z0-9]\/.test(t.secret)){for(var s,r,n,a=l.querySelectorAll('iframe[data-secret=\"'+t.secret+'\"]'),o=l.querySelectorAll('blockquote[data-secret=\"'+t.secret+'\"]'),c=new RegExp(\"^https?:$\",\"i\"),i=0;i<o.length;i++)o[i].style.display=\"none\";for(i=0;i<a.length;i++)s=a[i],e.source===s.contentWindow&&(s.removeAttribute(\"style\"),\"height\"===t.message?(1e3<(r=parseInt(t.value,10))?r=1e3:~~r<200&&(r=200),s.height=r):\"link\"===t.message&&(r=new URL(s.getAttribute(\"src\")),n=new URL(t.value),c.test(n.protocol))&&n.host===r.host&&l.activeElement===s&&(d.top.location.href=t.value))}},d.addEventListener(\"message\",d.wp.receiveEmbedMessage,!1),l.addEventListener(\"DOMContentLoaded\",function(){for(var e,t,s=l.querySelectorAll(\"iframe.wp-embedded-content\"),r=0;r<s.length;r++)(t=(e=s[r]).getAttribute(\"data-secret\"))||(t=Math.random().toString(36).substring(2,12),e.src+=\"#?secret=\"+t,e.setAttribute(\"data-secret\",t)),e.contentWindow.postMessage({message:\"ready\",secret:t},\"*\")},!1)))}(window,document);\n\/\/# sourceURL=https:\/\/gysfm.com.ar\/inicio\/wp-includes\/js\/wp-embed.min.js\n\/* ]]> *\/\n<\/script>\n","thumbnail_url":"https:\/\/media.ambito.com\/p\/99cda0f10f65949e227929176de2d8be\/adjuntos\/239\/imagenes\/042\/960\/0042960288\/supermercados-consumo-gondolas-precios-inflacion.jpg?2025-11-18-15-35-01","thumbnail_width":600,"thumbnail_height":338,"description":"Aunque con diferencias de \u00e9nfasis, los argentinos no tenemos grandes diferencias a la hora de enumerar nuestros males econ\u00f3micos: la elevada inflaci\u00f3n, la inestabilidad de la tasa de cambio, la insuficiencia de divisas, la falta y costo del cr\u00e9dito, bajo consumo, desempleo, cierre de empresas, pobreza y as\u00ed se podr\u00eda seguir. Donde s\u00ed hay diferencias [&hellip;]"}

El origen primero de nuestro malestar económico - GYS NOTICIAS |

<blockquote class="wp-embedded-content" data-secret="7rYpePTGam"><a href="https://gysfm.com.ar/inicio/el-origen-primero-de-nuestro-malestar-economico/">El origen primero de nuestro malestar económico</a></blockquote><iframe sandbox="allow-scripts" security="restricted" src="https://gysfm.com.ar/inicio/el-origen-primero-de-nuestro-malestar-economico/embed/#?secret=7rYpePTGam" width="600" height="338" title="«El origen primero de nuestro malestar económico» — GYS NOTICIAS |" data-secret="7rYpePTGam" frameborder="0" marginwidth="0" marginheight="0" scrolling="no" class="wp-embedded-content"></iframe><script type="text/javascript">
/* <![CDATA[ */
/*! This file is auto-generated */
!function(d,l){"use strict";l.querySelector&&d.addEventListener&&"undefined"!=typeof URL&&(d.wp=d.wp||{},d.wp.receiveEmbedMessage||(d.wp.receiveEmbedMessage=function(e){var t=e.data;if((t||t.secret||t.message||t.value)&&!/[^a-zA-Z0-9]/.test(t.secret)){for(var s,r,n,a=l.querySelectorAll('iframe[data-secret="'+t.secret+'"]'),o=l.querySelectorAll('blockquote[data-secret="'+t.secret+'"]'),c=new RegExp("^https?:$","i"),i=0;i<o.length;i++)o[i].style.display="none";for(i=0;i<a.length;i++)s=a[i],e.source===s.contentWindow&&(s.removeAttribute("style"),"height"===t.message?(1e3<(r=parseInt(t.value,10))?r=1e3:~~r<200&&(r=200),s.height=r):"link"===t.message&&(r=new URL(s.getAttribute("src")),n=new URL(t.value),c.test(n.protocol))&&n.host===r.host&&l.activeElement===s&&(d.top.location.href=t.value))}},d.addEventListener("message",d.wp.receiveEmbedMessage,!1),l.addEventListener("DOMContentLoaded",function(){for(var e,t,s=l.querySelectorAll("iframe.wp-embedded-content"),r=0;r<s.length;r++)(t=(e=s[r]).getAttribute("data-secret"))||(t=Math.random().toString(36).substring(2,12),e.src+="#?secret="+t,e.setAttribute("data-secret",t)),e.contentWindow.postMessage({message:"ready",secret:t},"*")},!1)))}(window,document);
//# sourceURL=https://gysfm.com.ar/inicio/wp-includes/js/wp-embed.min.js
/* ]]> */
</script>

Aunque con diferencias de énfasis, los argentinos no tenemos grandes diferencias a la hora de enumerar nuestros males económicos: la elevada inflación, la inestabilidad de la tasa de cambio, la insuficiencia de divisas, la falta y costo del crédito, bajo consumo, desempleo, cierre de empresas, pobreza y así se podría seguir. Donde sí hay diferencias [&hellip;]
